{"id":325,"date":"2023-09-13T15:51:07","date_gmt":"2023-09-13T15:51:07","guid":{"rendered":"https:\/\/workshop.ase.ro\/?page_id=325"},"modified":"2024-11-07T11:52:50","modified_gmt":"2024-11-07T11:52:50","slug":"acasa","status":"publish","type":"page","link":"https:\/\/workshop.ase.ro\/","title":{"rendered":"Acas\u0103"},"content":{"rendered":"\t\t<div data-elementor-type=\"wp-page\" data-elementor-id=\"325\" class=\"elementor elementor-325\">\n\t\t\t\t\t\t<section class=\"elementor-section elementor-top-section elementor-element elementor-element-e3bb1c6 elementor-section-boxed elementor-section-height-default elementor-section-height-default\" data-id=\"e3bb1c6\" data-element_type=\"section\" data-e-type=\"section\">\n\t\t\t\t\t\t<div class=\"elementor-container elementor-column-gap-default\">\n\t\t\t\t\t<div class=\"elementor-column elementor-col-100 elementor-top-column elementor-element elementor-element-7c19286\" data-id=\"7c19286\" data-element_type=\"column\" data-e-type=\"column\">\n\t\t\t<div class=\"elementor-widget-wrap elementor-element-populated\">\n\t\t\t\t\t\t<div class=\"elementor-element elementor-element-177694e elementor-widget__width-inherit elementor-widget elementor-widget-text-editor\" data-id=\"177694e\" data-element_type=\"widget\" data-e-type=\"widget\" data-widget_type=\"text-editor.default\">\n\t\t\t\t<div class=\"elementor-widget-container\">\n\t\t\t\t\t\t\t\t\t<p><strong>Prezen\u021ba companiilor in viata studen\u021beasc\u0103 reprezint\u0103 un obiectiv de responsabilitate social\u0103 corporativ\u0103, astfel \u00eenc\u00e2t, studen\u021bii Academiei de Studii Economice din Bucure\u0219ti s\u0103 beneficieze de experien\u021ba practic\u0103 a companiilor, prin intermediul organiz\u0103rii de workshop-uri dedicate.<\/strong><br \/><strong>Platforma www.workshop.ase.ro este realizat\u0103 de c\u0103tre Academia de Studii Economice din Bucure\u0219ti, \u00een vederea colabor\u0103rii eficiente a studen\u021bilor cu mediul de afaceri.<\/strong><br \/><strong>Invit\u0103m studen\u021bii, masteranzii si doctoranzii Academiei de Studii Economice s\u0103 participe la workshop-urile de interes, \u00een vederea dezvolt\u0103rii cuno\u0219tin\u021belor extracurriculare \u0219i a facilit\u0103rii accesului pe pia\u021ba for\u021bei de munc\u0103.<\/strong><\/p>\t\t\t\t\t\t\t\t<\/div>\n\t\t\t\t<\/div>\n\t\t\t\t\t<\/div>\n\t\t<\/div>\n\t\t\t\t\t<\/div>\n\t\t<\/section>\n\t\t\t\t<section class=\"elementor-section elementor-top-section elementor-element elementor-element-dfc9485 elementor-section-boxed elementor-section-height-default elementor-section-height-default\" data-id=\"dfc9485\" data-element_type=\"section\" data-e-type=\"section\">\n\t\t\t\t\t\t<div class=\"elementor-container elementor-column-gap-default\">\n\t\t\t\t\t<div class=\"elementor-column elementor-col-100 elementor-top-column elementor-element elementor-element-e822134\" data-id=\"e822134\" data-element_type=\"column\" data-e-type=\"column\">\n\t\t\t<div class=\"elementor-widget-wrap elementor-element-populated\">\n\t\t\t\t\t\t<div class=\"elementor-element elementor-element-9165f56 elementor-widget elementor-widget-heading\" data-id=\"9165f56\" data-element_type=\"widget\" data-e-type=\"widget\" data-widget_type=\"heading.default\">\n\t\t\t\t<div class=\"elementor-widget-container\">\n\t\t\t\t\t<h2 class=\"elementor-heading-title elementor-size-large\">List\u0103 workshop-uri<\/h2>\t\t\t\t<\/div>\n\t\t\t\t<\/div>\n\t\t\t\t\t<\/div>\n\t\t<\/div>\n\t\t\t\t\t<\/div>\n\t\t<\/section>\n\t\t\t\t<section class=\"elementor-section elementor-top-section elementor-element elementor-element-1c093cf elementor-section-boxed elementor-section-height-default elementor-section-height-default\" data-id=\"1c093cf\" data-element_type=\"section\" data-e-type=\"section\">\n\t\t\t\t\t\t<div class=\"elementor-container elementor-column-gap-default\">\n\t\t\t\t\t<div class=\"elementor-column elementor-col-100 elementor-top-column elementor-element elementor-element-1fbdeae\" data-id=\"1fbdeae\" data-element_type=\"column\" data-e-type=\"column\">\n\t\t\t<div class=\"elementor-widget-wrap elementor-element-populated\">\n\t\t\t\t\t\t<div class=\"elementor-element elementor-element-02eeee0 elementor-grid-eael-col-1 elementor-widget__width-initial elementor-grid-tablet-eael-col-2 elementor-grid-mobile-eael-col-1 elementor-widget elementor-widget-eael-post-grid\" data-id=\"02eeee0\" data-element_type=\"widget\" data-e-type=\"widget\" data-settings=\"{&quot;eael_post_grid_columns&quot;:&quot;eael-col-1&quot;,&quot;eael_post_grid_columns_tablet&quot;:&quot;eael-col-2&quot;,&quot;eael_post_grid_columns_mobile&quot;:&quot;eael-col-1&quot;}\" data-widget_type=\"eael-post-grid.default\">\n\t\t\t\t<div class=\"elementor-widget-container\">\n\t\t\t\t\t<div id=\"eael-post-grid-02eeee0\" class=\"eael-post-grid-container\">\n            <div class=\"eael-post-grid eael-post-appender eael-post-appender-02eeee0 eael-post-grid-style-one\" data-layout-mode=\"grid\"><article class=\"eael-grid-post  eael-post-grid-column eael-pg-post-750 category-fara-categorie\" data-id=\"750\">\n        <div class=\"eael-grid-post-holder\">\n            <div class=\"eael-grid-post-holder-inner\"><div class=\"eael-entry-media\"><div class=\"eael-entry-overlay fade-in\"><i class=\"fas fa-long-arrow-alt-right\" aria-hidden=\"true\"><\/i><a href=\"https:\/\/workshop.ase.ro\/?p=750\"><\/a><\/div><div class=\"eael-entry-thumbnail eael-image-ratio\">\n                <img fetchpriority=\"high\" decoding=\"async\" width=\"1080\" height=\"1350\" src=\"https:\/\/workshop.ase.ro\/wp-content\/uploads\/2026\/04\/WhatsApp-Image-2026-04-29-at-08.41.32.jpeg\" class=\"attachment-full size-full wp-image-751\" alt=\"\" srcset=\"https:\/\/workshop.ase.ro\/wp-content\/uploads\/2026\/04\/WhatsApp-Image-2026-04-29-at-08.41.32.jpeg 1080w, https:\/\/workshop.ase.ro\/wp-content\/uploads\/2026\/04\/WhatsApp-Image-2026-04-29-at-08.41.32-240x300.jpeg 240w, https:\/\/workshop.ase.ro\/wp-content\/uploads\/2026\/04\/WhatsApp-Image-2026-04-29-at-08.41.32-819x1024.jpeg 819w, https:\/\/workshop.ase.ro\/wp-content\/uploads\/2026\/04\/WhatsApp-Image-2026-04-29-at-08.41.32-768x960.jpeg 768w\" sizes=\"(max-width: 1080px) 100vw, 1080px\" \/>\n            <\/div>\n        <\/div><div class=\"eael-entry-wrapper\"><header class=\"eael-entry-header\"><h2 class=\"eael-entry-title\"><a class=\"eael-grid-post-link\" href=\"https:\/\/workshop.ase.ro\/?p=750\" title=\"Psihologia investi\u021biilor. Ce trebuie s\u0103 \u0219tiu \u00eenainte s\u0103 investesc?\">Psihologia investi\u021biilor. Ce trebuie s\u0103 \u0219tiu \u00eenainte s\u0103 investesc?<\/a><\/h2><\/header><div class=\"eael-entry-header-after\"><div class=\"eael-entry-meta\"><\/div><\/div><div class=\"eael-entry-content\">\n                        <div class=\"eael-grid-post-excerpt\"><p>\ud83c\udf93 Funda\u021bia Academiei de Studii Economice v\u0103 invit\u0103 la workshop-ul...<\/p><a href=\"https:\/\/workshop.ase.ro\/?p=750\" class=\"eael-post-elements-readmore-btn\">Cite\u0219te mai mult<\/a><\/div>\n                    <\/div><\/div><\/div>\n        <\/div>\n    <\/article><article class=\"eael-grid-post  eael-post-grid-column eael-pg-post-746 category-fara-categorie\" data-id=\"746\">\n        <div class=\"eael-grid-post-holder\">\n            <div class=\"eael-grid-post-holder-inner\"><div class=\"eael-entry-media\"><div class=\"eael-entry-overlay fade-in\"><i class=\"fas fa-long-arrow-alt-right\" aria-hidden=\"true\"><\/i><a href=\"https:\/\/workshop.ase.ro\/?p=746\"><\/a><\/div><div class=\"eael-entry-thumbnail eael-image-ratio\">\n                <img decoding=\"async\" width=\"717\" height=\"907\" src=\"https:\/\/workshop.ase.ro\/wp-content\/uploads\/2026\/04\/1-1.jpg\" class=\"attachment-full size-full wp-image-749\" alt=\"\" srcset=\"https:\/\/workshop.ase.ro\/wp-content\/uploads\/2026\/04\/1-1.jpg 717w, https:\/\/workshop.ase.ro\/wp-content\/uploads\/2026\/04\/1-1-237x300.jpg 237w\" sizes=\"(max-width: 717px) 100vw, 717px\" \/>\n            <\/div>\n        <\/div><div class=\"eael-entry-wrapper\"><header class=\"eael-entry-header\"><h2 class=\"eael-entry-title\"><a class=\"eael-grid-post-link\" href=\"https:\/\/workshop.ase.ro\/?p=746\" title=\"Vulnerabilitatea digital\u0103. Fraudele financiare online frecvente\">Vulnerabilitatea digital\u0103. Fraudele financiare online frecvente<\/a><\/h2><\/header><div class=\"eael-entry-header-after\"><div class=\"eael-entry-meta\"><\/div><\/div><div class=\"eael-entry-content\">\n                        <div class=\"eael-grid-post-excerpt\"><p>\ud83c\udf93 Funda\u021bia Academiei de Studii Economice v\u0103 invit\u0103 la workshop-ul...<\/p><a href=\"https:\/\/workshop.ase.ro\/?p=746\" class=\"eael-post-elements-readmore-btn\">Cite\u0219te mai mult<\/a><\/div>\n                    <\/div><\/div><\/div>\n        <\/div>\n    <\/article><article class=\"eael-grid-post  eael-post-grid-column eael-pg-post-738 category-fara-categorie\" data-id=\"738\">\n        <div class=\"eael-grid-post-holder\">\n            <div class=\"eael-grid-post-holder-inner\"><div class=\"eael-entry-media\"><div class=\"eael-entry-overlay fade-in\"><i class=\"fas fa-long-arrow-alt-right\" aria-hidden=\"true\"><\/i><a href=\"https:\/\/workshop.ase.ro\/?p=738\"><\/a><\/div><div class=\"eael-entry-thumbnail eael-image-ratio\">\n                <img decoding=\"async\" width=\"1279\" height=\"1600\" src=\"https:\/\/workshop.ase.ro\/wp-content\/uploads\/2026\/04\/WhatsApp-Image-2026-04-22-at-11.20.33.jpeg\" class=\"attachment-full size-full wp-image-739\" alt=\"\" srcset=\"https:\/\/workshop.ase.ro\/wp-content\/uploads\/2026\/04\/WhatsApp-Image-2026-04-22-at-11.20.33.jpeg 1279w, https:\/\/workshop.ase.ro\/wp-content\/uploads\/2026\/04\/WhatsApp-Image-2026-04-22-at-11.20.33-240x300.jpeg 240w, https:\/\/workshop.ase.ro\/wp-content\/uploads\/2026\/04\/WhatsApp-Image-2026-04-22-at-11.20.33-819x1024.jpeg 819w, https:\/\/workshop.ase.ro\/wp-content\/uploads\/2026\/04\/WhatsApp-Image-2026-04-22-at-11.20.33-768x961.jpeg 768w, https:\/\/workshop.ase.ro\/wp-content\/uploads\/2026\/04\/WhatsApp-Image-2026-04-22-at-11.20.33-1228x1536.jpeg 1228w\" sizes=\"(max-width: 1279px) 100vw, 1279px\" \/>\n            <\/div>\n        <\/div><div class=\"eael-entry-wrapper\"><header class=\"eael-entry-header\"><h2 class=\"eael-entry-title\"><a class=\"eael-grid-post-link\" href=\"https:\/\/workshop.ase.ro\/?p=738\" title=\"Instrumente derivate\">Instrumente derivate<\/a><\/h2><\/header><div class=\"eael-entry-header-after\"><div class=\"eael-entry-meta\"><\/div><\/div><div class=\"eael-entry-content\">\n                        <div class=\"eael-grid-post-excerpt\"><p>\ud83c\udf93 Funda\u021bia Academiei de Studii Economice v\u0103 invit\u0103 la workshop-ul...<\/p><a href=\"https:\/\/workshop.ase.ro\/?p=738\" class=\"eael-post-elements-readmore-btn\">Cite\u0219te mai mult<\/a><\/div>\n                    <\/div><\/div><\/div>\n        <\/div>\n    <\/article><article class=\"eael-grid-post  eael-post-grid-column eael-pg-post-733 category-fara-categorie\" data-id=\"733\">\n        <div class=\"eael-grid-post-holder\">\n            <div class=\"eael-grid-post-holder-inner\"><div class=\"eael-entry-media\"><div class=\"eael-entry-overlay fade-in\"><i class=\"fas fa-long-arrow-alt-right\" aria-hidden=\"true\"><\/i><a href=\"https:\/\/workshop.ase.ro\/?p=733\"><\/a><\/div><div class=\"eael-entry-thumbnail eael-image-ratio\">\n                <img loading=\"lazy\" decoding=\"async\" width=\"593\" height=\"847\" src=\"https:\/\/workshop.ase.ro\/wp-content\/uploads\/2026\/04\/1.jpg\" class=\"attachment-full size-full wp-image-734\" alt=\"\" srcset=\"https:\/\/workshop.ase.ro\/wp-content\/uploads\/2026\/04\/1.jpg 593w, https:\/\/workshop.ase.ro\/wp-content\/uploads\/2026\/04\/1-210x300.jpg 210w\" sizes=\"(max-width: 593px) 100vw, 593px\" \/>\n            <\/div>\n        <\/div><div class=\"eael-entry-wrapper\"><header class=\"eael-entry-header\"><h2 class=\"eael-entry-title\"><a class=\"eael-grid-post-link\" href=\"https:\/\/workshop.ase.ro\/?p=733\" title=\"Online Financial Fraud. Typologies in Romania and the EU\">Online Financial Fraud. Typologies in Romania and the EU<\/a><\/h2><\/header><div class=\"eael-entry-header-after\"><div class=\"eael-entry-meta\"><\/div><\/div><div class=\"eael-entry-content\">\n                        <div class=\"eael-grid-post-excerpt\"><p>\ud83c\udf93 Funda\u021bia Academiei de Studii Economice v\u0103 invit\u0103 la workshop-ul...<\/p><a href=\"https:\/\/workshop.ase.ro\/?p=733\" class=\"eael-post-elements-readmore-btn\">Cite\u0219te mai mult<\/a><\/div>\n                    <\/div><\/div><\/div>\n        <\/div>\n    <\/article><\/div>\n            <div class=\"clearfix\"><\/div>\n        <\/div>            <div class=\"eael-load-more-button-wrap eael-force-hide\">\n                <button class=\"eael-load-more-button\" id=\"eael-load-more-btn-02eeee0\" data-widget-id=\"02eeee0\" data-widget=\"02eeee0\" data-page-id=\"325\" data-template=\"{&quot;dir&quot;:&quot;lite&quot;,&quot;file_name&quot;:&quot;one.php&quot;,&quot;name&quot;:&quot;Post-Grid&quot;}\" data-class=\"Essential_Addons_Elementor\\Elements\\Post_Grid\" data-layout=\"grid\" data-page=\"1\" data-args=\"orderby=ID&amp;order=desc&amp;ignore_sticky_posts=1&amp;post_status=publish&amp;posts_per_page=4&amp;offset=0&amp;post_type=post\" data-max-page=\"11\">\n                    <span class=\"eael-btn-loader button__loader\"><\/span>\n                    <span class=\"eael_load_more_text\">Load More<\/span>\n                <\/button>\n            <\/div>\n            \t\t\t\t<\/div>\n\t\t\t\t<\/div>\n\t\t\t\t\t<\/div>\n\t\t<\/div>\n\t\t\t\t\t<\/div>\n\t\t<\/section>\n\t\t\t\t<section class=\"elementor-section elementor-top-section elementor-element elementor-element-81f0dc5 elementor-section-boxed elementor-section-height-default elementor-section-height-default\" data-id=\"81f0dc5\" data-element_type=\"section\" data-e-type=\"section\">\n\t\t\t\t\t\t<div class=\"elementor-container elementor-column-gap-default\">\n\t\t\t\t\t<div class=\"elementor-column elementor-col-100 elementor-top-column elementor-element elementor-element-24950bd\" data-id=\"24950bd\" data-element_type=\"column\" data-e-type=\"column\">\n\t\t\t<div class=\"elementor-widget-wrap\">\n\t\t\t\t\t\t\t<\/div>\n\t\t<\/div>\n\t\t\t\t\t<\/div>\n\t\t<\/section>\n\t\t\t\t<section class=\"elementor-section elementor-top-section elementor-element elementor-element-2b2c86b elementor-section-boxed elementor-section-height-default elementor-section-height-default\" data-id=\"2b2c86b\" data-element_type=\"section\" data-e-type=\"section\">\n\t\t\t\t\t\t<div class=\"elementor-container elementor-column-gap-default\">\n\t\t\t\t\t<div class=\"elementor-column elementor-col-100 elementor-top-column elementor-element elementor-element-8ba9959\" data-id=\"8ba9959\" data-element_type=\"column\" data-e-type=\"column\">\n\t\t\t<div class=\"elementor-widget-wrap elementor-element-populated\">\n\t\t\t\t\t\t<div class=\"elementor-element elementor-element-7d5dc0c elementor-align-center elementor-widget elementor-widget-button\" data-id=\"7d5dc0c\" data-element_type=\"widget\" data-e-type=\"widget\" data-widget_type=\"button.default\">\n\t\t\t\t<div class=\"elementor-widget-container\">\n\t\t\t\t\t\t\t\t\t<div class=\"elementor-button-wrapper\">\n\t\t\t\t\t<a class=\"elementor-button elementor-button-link elementor-size-sm\" href=\"https:\/\/workshop.ase.ro\/?page_id=230\">\n\t\t\t\t\t\t<span class=\"elementor-button-content-wrapper\">\n\t\t\t\t\t\t\t\t\t<span class=\"elementor-button-text\">Vezi mai multe articole \u2192 <\/span>\n\t\t\t\t\t<\/span>\n\t\t\t\t\t<\/a>\n\t\t\t\t<\/div>\n\t\t\t\t\t\t\t\t<\/div>\n\t\t\t\t<\/div>\n\t\t\t\t\t<\/div>\n\t\t<\/div>\n\t\t\t\t\t<\/div>\n\t\t<\/section>\n\t\t\t\t<\/div>\n\t\t","protected":false},"excerpt":{"rendered":"<p>Prezen\u021ba companiilor in viata studen\u021beasc\u0103 reprezint\u0103 un obiectiv de responsabilitate social\u0103 corporativ\u0103, astfel \u00eenc\u00e2t, studen\u021bii Academiei de Studii Economice din Bucure\u0219ti s\u0103 beneficieze de experien\u021ba practic\u0103 a companiilor, prin intermediul organiz\u0103rii de workshop-uri dedicate.Platforma www.workshop.ase.ro este realizat\u0103 de c\u0103tre Academia de Studii Economice din Bucure\u0219ti, \u00een vederea colabor\u0103rii eficiente a studen\u021bilor cu mediul de afaceri.Invit\u0103m &hellip;<\/p>\n<p class=\"read-more\"> <a class=\"\" href=\"https:\/\/workshop.ase.ro\/?p=733\"> <span class=\"screen-reader-text\">Online Financial Fraud. Typologies in Romania and the EU<\/span> Read More &raquo;<\/a><\/p>\n","protected":false},"author":3,"featured_media":0,"parent":0,"menu_order":0,"comment_status":"closed","ping_status":"closed","template":"","meta":{"site-sidebar-layout":"no-sidebar","site-content-layout":"","ast-site-content-layout":"full-width-container","site-content-style":"default","site-sidebar-style":"default","ast-global-header-display":"","ast-banner-title-visibility":"","ast-main-header-display":"","ast-hfb-above-header-display":"","ast-hfb-below-header-display":"","ast-hfb-mobile-header-display":"","site-post-title":"disabled","ast-breadcrumbs-content":"","ast-featured-img":"disabled","footer-sml-layout":"","theme-transparent-header-meta":"","adv-header-id-meta":"","stick-header-meta":"","header-above-stick-meta":"","header-main-stick-meta":"","header-below-stick-meta":"","astra-migrate-meta-layouts":"default","ast-page-background-enabled":"default","ast-page-background-meta":{"desktop":{"background-color":"var(--ast-global-color-4)","background-image":"","background-repeat":"repeat","background-position":"center center","background-size":"auto","background-attachment":"scroll","background-type":"","background-media":"","overlay-type":"","overlay-color":"","overlay-gradient":""},"tablet":{"background-color":"","background-image":"","background-repeat":"repeat","background-position":"center center","background-size":"auto","background-attachment":"scroll","background-type":"","background-media":"","overlay-type":"","overlay-color":"","overlay-gradient":""},"mobile":{"background-color":"","background-image":"","background-repeat":"repeat","background-position":"center center","background-size":"auto","background-attachment":"scroll","background-type":"","background-media":"","overlay-type":"","overlay-color":"","overlay-gradient":""}},"ast-content-background-meta":{"desktop":{"background-color":"var(--ast-global-color-5)","background-image":"","background-repeat":"repeat","background-position":"center center","background-size":"auto","background-attachment":"scroll","background-type":"","background-media":"","overlay-type":"","overlay-color":"","overlay-gradient":""},"tablet":{"background-color":"var(--ast-global-color-5)","background-image":"","background-repeat":"repeat","background-position":"center center","background-size":"auto","background-attachment":"scroll","background-type":"","background-media":"","overlay-type":"","overlay-color":"","overlay-gradient":""},"mobile":{"background-color":"var(--ast-global-color-5)","background-image":"","background-repeat":"repeat","background-position":"center center","background-size":"auto","background-attachment":"scroll","background-type":"","background-media":"","overlay-type":"","overlay-color":"","overlay-gradient":""}},"footnotes":""},"class_list":["post-325","page","type-page","status-publish","hentry"],"_links":{"self":[{"href":"https:\/\/workshop.ase.ro\/index.php?rest_route=\/wp\/v2\/pages\/325","targetHints":{"allow":["GET"]}}],"collection":[{"href":"https:\/\/workshop.ase.ro\/index.php?rest_route=\/wp\/v2\/pages"}],"about":[{"href":"https:\/\/workshop.ase.ro\/index.php?rest_route=\/wp\/v2\/types\/page"}],"author":[{"embeddable":true,"href":"https:\/\/workshop.ase.ro\/index.php?rest_route=\/wp\/v2\/users\/3"}],"replies":[{"embeddable":true,"href":"https:\/\/workshop.ase.ro\/index.php?rest_route=%2Fwp%2Fv2%2Fcomments&post=325"}],"version-history":[{"count":110,"href":"https:\/\/workshop.ase.ro\/index.php?rest_route=\/wp\/v2\/pages\/325\/revisions"}],"predecessor-version":[{"id":592,"href":"https:\/\/workshop.ase.ro\/index.php?rest_route=\/wp\/v2\/pages\/325\/revisions\/592"}],"wp:attachment":[{"href":"https:\/\/workshop.ase.ro\/index.php?rest_route=%2Fwp%2Fv2%2Fmedia&parent=325"}],"curies":[{"name":"wp","href":"https:\/\/api.w.org\/{rel}","templated":true}]}}